{"id":242,"date":"2022-05-19T15:41:52","date_gmt":"2022-05-19T15:41:52","guid":{"rendered":"https:\/\/www.roccoilluminazione.it\/catalogo\/?post_type=product&#038;p=242"},"modified":"2025-09-29T15:38:36","modified_gmt":"2025-09-29T15:38:36","slug":"chandelie-sospensione","status":"publish","type":"product","link":"https:\/\/www.roccoilluminazione.it\/catalogo\/prodotto\/chandelie-sospensione\/","title":{"rendered":"Chandelie sospensione"},"content":{"rendered":"<p>Sospensione con struttura in metello verniciato finitura gold e diffusori in vetro borosilicato sabbiato. Cavi di sospensione in acciaio e cavo di alimentazione trasparente. Rosone in metallo verniciato gold. Diffusione luce indiretta, attacco lampadine E14x4w Led. (lampadine non incluse) Misure : diametro 90cm. H. max 5mt. Si ispira ai lampadari della corte di re Art\u00f9 lo scenografico lampadario Chandelie, illumina con classe ed eleganza qualsiasi ambiente, anche quello pi\u00f9 moderno e minimale. Design, qualit\u00e0 esclusivamente Made in Italy. (ditta Fontan Arte)<\/p>\n<p><strong>Disponibilit\u00e0 : n.1 Pz. ( materiale da esposizione con imballo originale )<\/strong><\/p>\n<p>( I prezzi indicati sono iva del 22% inclusa)<\/p>\n","protected":false},"excerpt":{"rendered":"<p>cod.F549180260OBNE Chandelie sospensione Gold 14 Luci<\/p>\n","protected":false},"featured_media":243,"comment_status":"open","ping_status":"closed","template":"","meta":[],"product_cat":[23,19],"product_tag":[],"class_list":["post-242","product","type-product","status-publish","has-post-thumbnail","hentry","product_cat-outlet-promozioni","product_cat-sospensioni"],"_links":{"self":[{"href":"https:\/\/www.roccoilluminazione.it\/catalogo\/wp-json\/wp\/v2\/product\/242","targetHints":{"allow":["GET"]}}],"collection":[{"href":"https:\/\/www.roccoilluminazione.it\/catalogo\/wp-json\/wp\/v2\/product"}],"about":[{"href":"https:\/\/www.roccoilluminazione.it\/catalogo\/wp-json\/wp\/v2\/types\/product"}],"replies":[{"embeddable":true,"href":"https:\/\/www.roccoilluminazione.it\/catalogo\/wp-json\/wp\/v2\/comments?post=242"}],"wp:featuredmedia":[{"embeddable":true,"href":"https:\/\/www.roccoilluminazione.it\/catalogo\/wp-json\/wp\/v2\/media\/243"}],"wp:attachment":[{"href":"https:\/\/www.roccoilluminazione.it\/catalogo\/wp-json\/wp\/v2\/media?parent=242"}],"wp:term":[{"taxonomy":"product_cat","embeddable":true,"href":"https:\/\/www.roccoilluminazione.it\/catalogo\/wp-json\/wp\/v2\/product_cat?post=242"},{"taxonomy":"product_tag","embeddable":true,"href":"https:\/\/www.roccoilluminazione.it\/catalogo\/wp-json\/wp\/v2\/product_tag?post=242"}],"curies":[{"name":"wp","href":"https:\/\/api.w.org\/{rel}","templated":true}]}}