{"id":1099,"date":"2024-05-03T16:35:42","date_gmt":"2024-05-03T16:35:42","guid":{"rendered":"https:\/\/www.roccoilluminazione.it\/catalogo\/?post_type=product&#038;p=1099"},"modified":"2026-02-11T13:41:04","modified_gmt":"2026-02-11T13:41:04","slug":"atman-led-table-lamp","status":"publish","type":"product","link":"https:\/\/www.roccoilluminazione.it\/catalogo\/prodotto\/atman-led-table-lamp\/","title":{"rendered":"Atman Led table lamp"},"content":{"rendered":"<p>Atman \u00e8 una lampada da tavolo disegnata da Enzo Catellani e prodotta dal brand Catellani &amp; Smith. Atman \u00e8 completamente costituita dal diffusore in cristallo, il che la rende leggera, la base in metallo nickel (quasi invisibile) viene utilizzata come sostegno e contenitore della sorgente luminosa. Diffusione luce tramite Led da 1W push dimmer su cavo. (led intercambiabile) L&#8217;emissione luminosa attraversa il diffusore e ne fuoriesce con riflessi unici, sfruttando la forma e il materiale con il quale esso \u00e8 realizzato. Atman \u00e8 una lampada dalla forte presenza scenica, la cui versatilit\u00e0 le permetter\u00e0 di essere utilizzata in qualsiasi ambientazione, valorizzando ancor pi\u00f9 ogni ambiente rendendolo unico grazie alla sua luce particolare. Catellani &amp; Smith \u00e8 un brand italiano divenuto sinonimo di qualit\u00e0 e design del Made in Italy nel mondo dell\u2019illuminazione. Artigianalit\u00e0 ed eccellenza della tradizione, si fondono con originalit\u00e0 ed innovazione e con un pizzico di anticonformismo, per produrre pezzi unici ed inconfondibili. Design, qualit\u00e0 artigianale esclusivamente Made in Italy. ( Catellani &amp; Smith )<\/p>\n<p>Misure :\u00a0 diffusore lato 16cm.\u00a0\u00a0 H. 8cm.<\/p>\n<p>Disponibilit\u00e0 : n.1 pz. ( materiale da esposizione con imballo originale )<\/p>\n<p>( I prezzi indicati sono iva del 22% inclusa)<\/p>\n","protected":false},"excerpt":{"rendered":"<p>Cod. AT Atman cristallo ovale led 1W 2700K dimm.<\/p>\n<p><strong>* Richiedi preventivo per PREZZO SCONTATO *<\/strong><\/p>\n","protected":false},"featured_media":1100,"comment_status":"open","ping_status":"closed","template":"","meta":[],"product_cat":[18,23],"product_tag":[],"class_list":["post-1099","product","type-product","status-publish","has-post-thumbnail","hentry","product_cat-lampade-da-tavolo","product_cat-outlet-promozioni"],"_links":{"self":[{"href":"https:\/\/www.roccoilluminazione.it\/catalogo\/wp-json\/wp\/v2\/product\/1099","targetHints":{"allow":["GET"]}}],"collection":[{"href":"https:\/\/www.roccoilluminazione.it\/catalogo\/wp-json\/wp\/v2\/product"}],"about":[{"href":"https:\/\/www.roccoilluminazione.it\/catalogo\/wp-json\/wp\/v2\/types\/product"}],"replies":[{"embeddable":true,"href":"https:\/\/www.roccoilluminazione.it\/catalogo\/wp-json\/wp\/v2\/comments?post=1099"}],"wp:featuredmedia":[{"embeddable":true,"href":"https:\/\/www.roccoilluminazione.it\/catalogo\/wp-json\/wp\/v2\/media\/1100"}],"wp:attachment":[{"href":"https:\/\/www.roccoilluminazione.it\/catalogo\/wp-json\/wp\/v2\/media?parent=1099"}],"wp:term":[{"taxonomy":"product_cat","embeddable":true,"href":"https:\/\/www.roccoilluminazione.it\/catalogo\/wp-json\/wp\/v2\/product_cat?post=1099"},{"taxonomy":"product_tag","embeddable":true,"href":"https:\/\/www.roccoilluminazione.it\/catalogo\/wp-json\/wp\/v2\/product_tag?post=1099"}],"curies":[{"name":"wp","href":"https:\/\/api.w.org\/{rel}","templated":true}]}}